base 9.
-40
-90 (base 11) to base 12
-83
-212 (base 3) to base 9
-25
Convert -104 (base 5) to base 4.
-131
What is 66 (base 9) in base 2?
111100
1 (base 10) to base 3
1
What is -4 (base 12) in base 7?
-4
-1 (base 9) to base 13
-1
Convert -2 (base 8) to base 3.
-2
Convert 10001110 (base 2) to base 13.
ac
Convert -5 (base 12) to base 9.
-5
What is 2 (base 8) in base 11?
2
What is -2 (base 3) in base 10?
-2
Convert 0 (base 9) to base 4.
0
Convert 1 (base 10) to base 11.
1
Convert -40 (base 10) to base 4.
-220
47 (base 14) to base 2
111111
Convert 85 (base 10) to base 3.
10011
Convert 7 (base 10) to base 13.
7
221 (base 5) to base 11
56
Convert 2 (base 10) to base 8.
2
4 (base 12) to base 3
11
3 (base 6) to base 14
3
22 (base 4) to base 6
14
11001 (base 2) to base 13
1c
Convert 12200 (base 3) to base 9.
180
-76 (base 10) to base 5
-301
Convert -1 (base 5) to base 15.
-1
What is -432 (base 5) in base 15?
-7c
What is -5 (base 14) in base 9?
-5
Convert 2 (base 13) to base 4.
2
6 (base 12) to base 13
6
14 (base 8) to base 15
c
Convert 1 (base 15) to base 9.
1
Convert d8 (base 16) to base 5.
1331
Convert 10001 (base 2) to base 4.
101
What is -132 (base 7) in base 3?
-2200
4e (base 16) to base 12
66
-2200 (base 3) to base 12
-60
Convert 14 (base 14) to base 3.
200
-72 (base 14) to base 5
-400
Convert -11001011 (base 2) to base 11.
-175
10 (base 8) to base 7
11
44 (base 7) to base 4
200
Convert -32 (base 5) to base 6.
-25
What is 1 (base 9) in base 5?
1
213 (base 4) to base 3
1110
Convert 3 (base 10) to base 8.
3
-a0 (base 14) to base 10
-140
8 (base 12) to base 15
8
-95 (base 13) to base 2
-1111010
What is 10 (base 6) in base 11?
6
What is -5 (base 10) in base 2?
-101
163 (base 9) to base 15
93
-48 (base 10) to base 9
-53
What is 12 (base 12) in base 15?
e
What is a3 (base 13) in base 2?
10000101
1 (base 7) to base 16
1
Convert 2 (base 9) to base 14.
2
Convert -1 (base 5) to base 6.
-1
-8 (base 14) to base 11
-8
What is -3 (base 5) in base 3?
-10
Convert -39 (base 11) to base 9.
-46
Convert -115 (base 8) to base 6.
-205
What is -230 (base 7) in base 14?
-87
5 (base 9) to base 8
5
Convert 3 (base 6) to base 7.
3
What is 21 (base 4) in base 3?
100
Convert -20 (base 6) to base 11.
-11
-8 (base 10) to base 4
-20
-5 (base 8) to base 10
-5
-1b (base 16) to base 7
-36
What is 0 (base 6) in base 11?
0
1 (base 4) to base 3
1
-31 (base 6) to base 10
-19
What is -3311 (base 4) in base 14?
-137
What is -71 (base 8) in base 11?
-52
What is -12 (base 13) in base 4?
-33
Convert -4c (base 15) to base 9.
-80
-1 (base 11) to base 3
-1
What is -31 (base 9) in base 15?
-1d
What is 118 (base 14) in base 11?
189
What is -434 (base 5) in base 2?
-1110111
What is -210 (base 9) in base 13?
-102
Convert -123 (base 5) to base 15.
-28
Convert 1 (base 10) to base 6.
1
What is 10011 (base 2) in base 8?
23
-1002 (base 3) to base 2
-11101
What is -1d (base 16) in base 7?
-41
-4 (base 7) to base 15
-4
What is b (base 13) in base 12?
b
-15 (base 11) to base 2
-10000
Convert -183 (base 9) to base 14.
-b2
Convert 3 (base 15) to base 3.
10
What is 5 (base 8) in base 4?
11
Convert 4 (base 15) to base 6.
4
What is -5 (base 14) in base 10?
-5
Convert -7 (base 10) to base 13.
-7
Convert 5 (base 7) to base 4.
11
Convert -15 (base 7) to base 5.
-22
Convert 1030 (base 4) to base 14.
56
Convert 16 (base 11) to base 7.
23
What is -20 (base 8) in base 5?
-31
-1101101 (base 2) to base 15
-74
What is -2a (base 12) in base 2?
-100010
1105 (base 6) to base 10
257
Convert 10 (base 3) to base 8.
3
64 (base 14) to base 5
323
-11100 (base 3) to base 7
-225
-5 (base 6) to base 7
-5
Convert 101 (base 5) to base 10.
26
1 (base 5) to base 11
1
14 (base 11) to base 6
23
Convert 1111110 (base 2) to base 3.
11200
What is -22 (base 6) in base 4?
-32
Convert -17 (base 11) to base 3.
-200
10 (base 4) to base 11
4
12 (base 4) to base 14
6
What is 3 (base 7) in base 9?
3
Convert -10 (base 3) to base 13.
-3
Convert -24 (base 9) to base 13.
-19
Convert -11013 (base 4) to base 3.
-110010
Convert 0 (base 16) to base 3.
0
What is 3 (base 12) in base 8?
3
31 (base 15) to base 13
37
Convert 15 (base 13) to base 2.
10010
What is 2 (base 3) in base 11?
2
What is -33 (base 13) in base 9?
-46
What is 332 (base 7) in base 14?
c2
What is 210 (base 3) in base 9?
23
What is 0 (base 13) in base 8?
0
What is -4 (base 11) in base 7?
-4
Convert 1 (base 4) to base 15.
1
2 (base 12) to base 2
10
Convert 2 (base 8) to base 12.
2
What is 0 (base 4) in base 11?
0
What is -144 (base 5) in base 6?
-121
What is -1100001 (base 2) in base 11?
-89
Convert -a (base 12) to base 13.
-a
24 (base 6) to base 7
22
Convert 49 (base 16) to base 10.
73
10 (base 6) to base 15
6
4 (base 9) to base 3
11
What is -200 (base 4) in base 3?
-1012
Convert -34 (base 6) to base 2.
-10110
Convert 9 (base 11) to base 14.
9
Convert -32 (base 6) to base 16.
-14
Convert 10 (base 2) to base 5.
2
What is 7 (base 16) in base 5?
12
7 (base 11) to base 3
21
Convert -45 (base 10) to base 13.
-36
Convert 6 (base 10) to base 8.
6
What is 15 (base 6) in base 3?
102
What is 1b0 (base 12) in base 11?
231
Convert 0 (base 8) to base 4.
0
Convert 78 (base 11) to base 10.
85
What is 0 (base 6) in base 2?
0
-13 (base 14) to base 11
-16
-2212 (base 3) to base 5
-302
Convert 10331 (base 4) to base 6.
1245
Convert -1 (base 16) to base 12.
-1
What is 201 (base 7) in base 10?
99
0 (base 16) to base 12
0
Convert -14 (base 14) to base 8.
-22
What is 2f (base 16) in base 13?
38
What is -b (base 13) in base 2?
-1011
What is -d (base 15) in base 9?
-14
1e (base 16) to base 2
11110
109 (base 11) to base 12
aa
Convert -21 (base 13) to base 8.
-33
Convert 3 (base 16) to base 13.
3
Convert 1 (base 12) to base 4.
1
What is 101101 (base 2) in base 10?
45
Convert 2 (base 8) to base 12.
2
Convert a (base 11) to base 15.
a
Convert -1a (base 12) to base 9.
-24
Convert -15 (base 14) to base 8.
-23
-1100 (base 3) to base 11
-33
What is 10e (base 16) in base 4?
10032
What is 5 (base 6) in base 5?
10
Convert 110 (base 11) to base 5.
1012
-5 (base 13) to base 7
-5
21 (base 15) to base 6
51
What is -220 (base 5) in base 16?
-3c
What is 0 (base 8) in base 16?
0
Convert 122 (base 10) to base 6.
322
-2 (base 11) to base 10
-2
-143 (base 6) to base 3
-2100
Convert 21 (base 13) to base 7.
36
1c (base 14) to base 4
122
Convert -7 (base 13) to base 10.
-7
Convert 38 (base 9) to base 12.
2b
Convert 111200 (base 3) to base 2.
101110001
Convert 30 (base 4) to base 9.
13
What is 21 (base 14) in base 7?
41
-11 (base 4) to base 14
-5
Convert -11010 (base 3) to base 4.
-1233
-222 (base 8) to base 13
-b3
Convert 3 (base 13) to base 14.
3
What is 20 (base 5) in base 8?
12
What is 10 (base 6) in base 10?
6
What is 1f (base 16) in base 14?
23
-9 (base 13) to base 12
-9
What is 16 (base 7) in base 16?
d
Convert -194 (base 15) to base 12.
-264
15 (base 7) to base 11
11
Convert 4 (base 13) to base 5.
4
-101001 (base 2) to base 15
-2b
What is 10221 (base 3) in base 9?
127
What is 1 (base 3) in base 12?
1
What is 1 (base 7) in base 8?
1
-107 (base 11) to base 15
-88
What is d (base 16) in base 2?
1101
What is 21 (base 16) in base 6?
53
7 (base 14) to base 5
12
Convert -5 (base 11) to base 4.
-11
20 (base 5) to base 2
1010
What is 1213 (base 6) in base 10?
297
0 (base 4) to base 7
0
0 (base 9) to base 2
0
-1000 (base 4) to base 2
-1000000
What is 83 (base 11) in base 4?
1123
Convert -2 (base 7) to base 16.
-2
Convert 122 (base 6) to base 2.
110010
171 (base 10) to base 13
102
What is -110111 (base 2) in base 14?
-3d
1a (base 15) to base 5
100
13 (base 16) to base 5
34
-1331 (base 4) to base 16
-7d
Convert 12 (base 4) to base 9.
6
-322 (base 4) to base 6
-134
What is 53 (base 6) in base 2?
100001
Convert -2 (base 12) to base 13.
-2
Convert a (base 14) to base 8.
12
What is 5c (base 15) in base 14?
63
-331 (base 4) to base 12
-51
2 (base 3) to base 9
2
What is -11 (base 3) in base 16?
-4
Convert 10101111 (base 2) to base 13.
106
Convert -35 (base 6) to base 7.
-32
3 (base 5) to base 8
3
-231 (base 4) to base 5
-140
Convert -c2 (base 13) to base 8.
-236
-148 (base 13) to base 6
-1021
1212 (base 4) to base 11
93
What is -3 (base 6) in base 11?
-3
-4 (base 16) to base 15
-4
What is 80 (base 14) in base 6?
304
-9 (base 13) to base 11
-9
Wh